{"id":445,"date":"2021-04-23T18:38:48","date_gmt":"2021-04-23T16:38:48","guid":{"rendered":"https:\/\/ventilohuset.se\/ventilo2\/?page_id=445"},"modified":"2024-08-23T08:04:39","modified_gmt":"2024-08-23T06:04:39","slug":"hem","status":"publish","type":"page","link":"https:\/\/ventilohuset.se\/ventilo2\/","title":{"rendered":"Hem"},"content":{"rendered":"<div id=\"cs-content\" class=\"cs-content\"><\/div>\n","protected":false},"excerpt":{"rendered":"<p>Varbergs nyaste kontorshotellHITTA DIN NYA ARBETSPLATS I ETT NYTT, LEVANDE KVARTER MED BOST\u00c4DER OCH KONTOR!Varbergs nyaste kontorshotell heter Ventilo 2.0 &#8211; en helt ny arbetsplats bel\u00e4gen i en av de mest expansiva delarna av stan. H\u00e4r samsas nykl\u00e4ckta entrepren\u00f6rer med erfarna f\u00f6retagare \u2013 det \u00e4r d\u00e5 en riktigt h\u00e4rlig dynamik uppst\u00e5r och samarbeten \u00f6ver gr\u00e4nserna blir m\u00f6jliga. Dessutom ligger huset &#8230; <a href=\"https:\/\/ventilohuset.se\/ventilo2\/\" class=\"more-link\">Read More<\/a><\/p>\n","protected":false},"author":4,"featured_media":0,"parent":0,"menu_order":3,"comment_status":"closed","ping_status":"closed","template":"template-blank-4.php","meta":{"footnotes":""},"_links":{"self":[{"href":"https:\/\/ventilohuset.se\/ventilo2\/wp-json\/wp\/v2\/pages\/445"}],"collection":[{"href":"https:\/\/ventilohuset.se\/ventilo2\/wp-json\/wp\/v2\/pages"}],"about":[{"href":"https:\/\/ventilohuset.se\/ventilo2\/wp-json\/wp\/v2\/types\/page"}],"author":[{"embeddable":true,"href":"https:\/\/ventilohuset.se\/ventilo2\/wp-json\/wp\/v2\/users\/4"}],"replies":[{"embeddable":true,"href":"https:\/\/ventilohuset.se\/ventilo2\/wp-json\/wp\/v2\/comments?post=445"}],"version-history":[{"count":15,"href":"https:\/\/ventilohuset.se\/ventilo2\/wp-json\/wp\/v2\/pages\/445\/revisions"}],"predecessor-version":[{"id":588,"href":"https:\/\/ventilohuset.se\/ventilo2\/wp-json\/wp\/v2\/pages\/445\/revisions\/588"}],"wp:attachment":[{"href":"https:\/\/ventilohuset.se\/ventilo2\/wp-json\/wp\/v2\/media?parent=445"}],"curies":[{"name":"wp","href":"https:\/\/api.w.org\/{rel}","templated":true}]}}

<p>Varbergs nyaste kontorshotellHITTA DIN NYA ARBETSPLATS I ETT NYTT, LEVANDE KVARTER MED BOSTÄDER OCH KONTOR!Varbergs nyaste kontorshotell heter Ventilo 2.0 &#8211; en helt ny arbetsplats belägen i en av de mest expansiva delarna av stan. Här samsas nykläckta entreprenörer med erfarna företagare – det är då en riktigt härlig dynamik uppstår och samarbeten över gränserna blir möjliga. Dessutom ligger huset &#8230; <a href="https://ventilohuset.se/ventilo2/" class="more-link">Read More</a></p>
